
Is 224746031 prime?
True
Is 278416657 a composite number?
True
Is 3134385091 composite?
True
Is 19460648813 prime?
False
Is 61502219621 prime?
True
Is 3893765143 composite?
False
Is 2334831253 a composite number?
False
Is 377322013 a composite number?
True
Is 11205717559 prime?
True
Is 3895521073 prime?
False
Is 79574513 prime?
True
Is 7203335549 composite?
True
Is 348615847 prime?
False
Is 2351916751 composite?
False
Is 14691396001 a composite number?
True
Is 1802071409 a prime number?
True
Is 13792604047 composite?
False
Is 11909885611 a prime number?
False
Is 1933100707 composite?
False
Is 168713502439 a prime number?
False
Is 790240673 prime?
True
Is 15586231247 a composite number?
True
Is 14784252099 prime?
False
Is 55252357 a prime number?
False
Is 149621516803 a composite number?
True
Is 330993595 composite?
True
Is 18274313669 prime?
True
Is 9555959537 a prime number?
True
Is 13418721923 a composite number?
False
Is 1206513089 composite?
False
Is 34945833883 prime?
True
Is 33506567711 composite?
True
Is 227800421 prime?
False
Is 1356622307 a prime number?
True
Is 3253745041 a prime number?
False
Is 42618637 a prime number?
True
Is 2157575423 a prime number?
True
Is 35385283337 a prime number?
True
Is 233446253 a composite number?
True
Is 38394838 prime?
False
Is 23795099123 prime?
False
Is 23763119587 a composite number?
True
Is 1788920911 a composite number?
False
Is 9604727255 a composite number?
True
Is 94169127337 a composite number?
False
Is 991372727 composite?
True
Is 318745879 composite?
False
Is 20750358731 prime?
True
Is 1135755209 a prime number?
False
Is 2072914469 prime?
True
Is 364618118 composite?
True
Is 3303141547 a prime number?
True
Is 15520239751 a composite number?
False
Is 8593392359 a composite number?
False
Is 5710948813 composite?
True
Is 22807178083 prime?
True
Is 3941334863 a prime number?
False
Is 3753770107 a prime number?
True
Is 40634477549 composite?
True
Is 2558084017 composite?
True
Is 18818756087 prime?
True
Is 81009399971 composite?
False
Is 841753357 a composite number?
False
Is 475175627 a composite number?
True
Is 80313041 composite?
True
Is 2323492183 a prime number?
True
Is 2038441577 composite?
False
Is 1922446159 a composite number?
True
Is 1090833 a prime number?
False
Is 93117161 composite?
False
Is 128305123 a composite number?
False
Is 1446757211 a composite number?
True
Is 24756463747 prime?
False
Is 3455331459 composite?
True
Is 945350431 prime?
True
Is 11024338291 composite?
False
Is 1858475261 a composite number?
False
Is 669765059 a composite number?
False
Is 18857690633 prime?
False
Is 95357940617 a prime number?
False
Is 363034781 composite?
False
Is 5682688859 prime?
False
Is 39269908943 a prime number?
False
Is 5106846743 a composite number?
True
Is 274877905 prime?
False
Is 1320014659 prime?
True
Is 629800693 composite?
True
Is 718641223 composite?
True
Is 16134314897 prime?
True
Is 59244248237 a prime number?
False
Is 4254565459 a composite number?
True
Is 4614815785 composite?
True
Is 6038885327 prime?
True
Is 153121937 prime?
False
Is 40229221007 prime?
True
Is 4388816321 a composite number?
True
Is 80250722455 prime?
False
Is 2602362443 prime?
False
Is 9573370949 a composite number?
False
Is 1190672039 composite?
True
Is 21213272713 a composite number?
True
Is 1243099639 composite?
False
Is 111250414871 a prime number?
True
Is 161437543 a prime number?
True
Is 86582388989 a composite number?
True
Is 11631253163 a composite number?
False
Is 1981255027 a composite number?
False
Is 5642143861 composite?
False
Is 17035154189 a composite number?
True
Is 56092815929 composite?
True
Is 9827516021 composite?
True
Is 9363438533 a prime number?
False
Is 5156185207 a prime number?
False
Is 5671816253 a composite number?
True
Is 32803803359 prime?
True
Is 2536312861 composite?
False
Is 2259053867 composite?
True
Is 1075466011 a composite number?
True
Is 4376850581 a prime number?
True
Is 131399286323 composite?
False
Is 883152073 composite?
True
Is 18423533101 a composite number?
False
Is 21285930667 a composite number?
False
Is 4184739017 a composite number?
True
Is 1848259883 composite?
True
Is 230199661 a prime number?
True
Is 9444222763 a composite number?
True
Is 27782462573 composite?
True
Is 1037345081 composite?
False
Is 1738947919 composite?
True
Is 23959854389 prime?
False
Is 15031007903 prime?
False
Is 17656414481 composite?
False
Is 15169362893 prime?
True
Is 9122234177 prime?
False
Is 7829397893 a composite number?
True
Is 75968591333 a composite number?
False
Is 31708849259 a composite number?
True
Is 22858570201 prime?
False
Is 10607178233 a composite number?
True
Is 7275916303 prime?
False
Is 55730361191 prime?
True
Is 187426809959 a composite number?
False
Is 261167461 composite?
True
Is 56357654921 a prime number?
True
Is 31632184403 prime?
False
Is 407374740419 a composite number?
False
Is 272499947 composite?
True
Is 1079438471 a prime number?
False
Is 1598179567 a prime number?
True
Is 5311468061 a prime number?
True
Is 2178174151 composite?
True
Is 260588692997 a prime number?
False
Is 3252112573 a prime number?
True
Is 23724047 a composite number?
False
Is 4484338051 prime?
False
Is 169084763 composite?
True
Is 344043281 a composite number?
False
Is 8992525301 prime?
True
Is 16395977041 prime?
False
Is 629847217 prime?
True
Is 21850255769 a composite number?
True
Is 10417746223 prime?
False
Is 67863827 a composite number?
True
Is 91633099477 prime?
True
Is 5097440749 prime?
True
Is 12453670427 a composite number?
True
Is 5495962519 composite?
False
Is 5966973517 prime?
True
Is 9354663517 a composite number?
False
Is 113204183987 prime?
True
Is 29577449 a composite number?
True
Is 1682699947 composite?
False
Is 8757706999 composite?
True
Is 39401233 a composite number?
False
Is 7634159623 prime?
True
Is 26502256569 a prime number?
False
Is 347915713 a prime number?
True
Is 110574767 a prime number?
False
Is 314649559 prime?
False
Is 910226215 a composite number?
True
Is 629636507 a composite number?
False
Is 295764641 prime?
False
Is 23818878887 prime?
True
Is 15369194747 a prime number?
True
Is 3647239729 prime?
False
Is 69181724471 a prime number?
True
Is 590893333 a prime number?
False
Is 2022217969 composite?
False
Is 1101454469 composite?
True
Is 1612888939 prime?
True
Is 168583853 a composite number?
False
Is 325168049 prime?
True
Is 108115638341 composite?
False
Is 948233951 a prime number?
False
Is 33821399 composite?
True
Is 25242112939 composite?
False
Is 1080171107 a prime number?
False
Is 46298229601 a composite number?
True
Is 23338910999 a prime number?
False
Is 51957082 a composite number?
True
Is 4164341801 a composite number?
False
Is 190213567 a prime number?
True
Is 130722761 a prime number?
False
Is 11114134391 prime?
True
Is 35360363237 composite?
False
Is 219850066 prime?
False
Is 21520612621 composite?
False
Is 424039493 a prime number?
True
Is 24723528547 a prime number?
False
Is 16278614999 prime?
True
Is 310135069 a composite number?
False
Is 4586256979 prime?
True
Is 7010699281 composite?
True
Is 1179135754 prime?
False
Is 3277694627 composite?
False
Is 6676313653 a prime number?
True
Is 10632655171 a prime number?
True
Is 5807062067 composite?
False
Is 40675758062 prime?
False
Is 19868477639 a prime number?
True
Is 21827886497 composite?
False
Is 208901089 composite?
True
Is 26082433394 composite?
True
Is 4145475067 a composite number?
True
Is 996101917 a prime number?
False
Is 5846051789 a prime number?
False
Is 3597788287 a composite number?
True
Is 8860028063 a composite number?
False
Is 81676613 a composite number?
True
Is 3246892889 composite?
True
Is 327682991 a prime number?
False
Is 2548449943 a composite number?
True
Is 8907027166 a composite number?
True
Is 5813656942 a prime number?
False
Is 16406018921 prime?
False
Is 1056761071 prime?
True
Is 2012653631 a prime number?
True
Is 9912028903 a prime number?
False
Is 11298981077 composite?
True
Is 3897506891 a composite number?
True
Is 922192091 a prime number?
False
Is 62371182389 prime?
True
Is 392208539 a composite number?
True
Is 16262787274 a composite number?
True
Is 9116195918 composite?
True
Is 55054759691 prime?
True
Is 21893940701 a prime number?
False
Is 154528143